 -2 - -6))
-6
What is the value of -1 + 5 + -1 - (-75 + -25 - -82)?
21
What is the value of -11 + (0 - -3) + 2 - (-51 - -20)?
25
What is the value of 4 - (-1 - 21) - 26?
0
0 + -12 - (-2 + -22)
12
Calculate 17 - (-16 - -16 - (0 - -3)).
20
Calculate -1 + 0 - (3 + (0 - (-5 + -1))).
-10
14 - (14 - -8 - 2)
-6
0 + 7 + -5 - 19 - (-20 + 14)
-11
What is (1 - -13) + 10 + (18 - 32)?
10
What is -14 + 4 + (-6 - -2)?
-14
What is the value of -27 + -12 + -1 + (-61 - -70)?
-31
What is -7 + 6 + -3 + -1?
-5
Calculate -28 + (-23 - (-3 - 57)).
9
What is the value of 0 - (6 + 0 + -16) - -6?
16
What is the value of (4 - -5 - 2) + -6 + (-10 - -8)?
-1
Evaluate 2 - (30 - 19) - (-21 - -1).
11
-89 - -62 - (-20 + -1)
-6
Calculate -18 - 1 - (178 + -182).
-15
What is the value of 38 + -34 + 8 + (-3 - 2)?
7
What is 1 + (12 - 16) + 7 + 4 + -16?
-8
Calculate 6 + 1 - (42 + -39 - (-2 - -2)).
4
Calculate -2 + 28 + -13 + -19 + -5.
-11
Evaluate (-1 + 18 - (-268 - -292)) + 25 + 1.
19
Evaluate 619 - 605 - (0 - 3).
17
Evaluate 5 - 2 - (-98 - -99).
2
Evaluate 21 + (-7 + (7 - 10) - -2).
13
Calculate -9 - ((0 - 0) + -5).
-4
Calculate -4219 + 4217 + 24 + (-1 - 0 - -1).
22
What is 20 + (-2 - 8) + -18?
-8
What is the value of 1 + 13 + (2 - 3) - (-66 - -72)?
7
What is -55 - (-88 + 36 + 28)?
-31
Evaluate -4 + 1 - (15 - (-3 - -10)).
-11
What is 7 - (-3 - (-4 - (-2 - 8) - -2))?
18
What is -5 + (-3 - (1 + 5 + 9))?
-23
-11 - (-10 + (-8 - -14))
-7
Calculate 79 + (-31 - 17) + -6 + -1.
24
Evaluate 9 - (12 - 8) - 8.
-3
Calculate -21 + -13 + 20 + 8 - (27 + -1).
-32
Calculate (2 - (0 - (-12 + 6)) - 1) + -7.
-12
Calculate -16 - ((-62 - -59) + (0 - 6)).
-7
-33 + -4 + 34 + -23
-26
What is the value of (12 - 12) + (1 - 8) + 17 + 1?
11
What is 12 + 32 + -25 + 1?
20
Calculate -6 + (-4 - (-7 + 1 + 5) - 6).
-15
What is the value of (5 - -14 - 4) + -15?
0
What is the value of -1 + (0 - 2) - (14 - (8 + -4))?
-13
What is (13 - (-2 + 11) - (0 + 3)) + -3?
-2
Evaluate (-4 - -2 - 2) + 7 - (-9 + 17).
-5
What is the value of (-1 - 6) + 3 + (9 - (-18 - -10))?
13
11 + (-11 - -9) - (4 + -4)
9
Evaluate (-26 - (32 - 65)) + 1 + -1 + 2.
9
-39 + (-8 - -9) - (-54 - -37)
-21
What is the value of 3 - ((-6 - -14) + -10)?
5
Calculate 6 + -12 + 4 + -4 + (17 - 6).
5
What is the value of -58 + -21 + 41 + 20?
-18
What is 4 - (-2 - (17 + -10)) - 8?
5
What is (2 + -2 - 8) + (-46 - -23) + 26?
-5
Calculate (-6 - -9) + -49 + 53.
7
What is the value of 2 + (-1 + -38 + 17 - -11)?
-9
Calculate (-30 - -9) + 9 + 11.
-1
Calculate 0 - 32 - (-37 + 19 - -5).
-19
What is 11 - 2 - 6 - 18 - (2 - 6)?
-11
What is the value of 4 + 9 + -7 + -4?
2
What is (3 - 0) + (4 - -8) + -1 + -4?
10
What is 0 + -6 + 11 + -1 + 8?
12
Calculate 12 - (-9 - -8) - 0 - (0 - -6).
7
Evaluate (-18 + -39 - -51) + (3 - (-1 - 13)).
11
Evaluate 5 + -6 + -1 + -2 + 1 - -8.
5
What is 0 + 23 + (-550 - -543)?
16
Calculate 3 + 25 + -19 + -28.
-19
Evaluate (19 - (-6 + 6)) + 25 + -32.
12
What is the value of 3 + 0 + (50 - 67)?
-14
What is -4 + 16 + -36 + 45?
21
Calculate -1 - (-6 - (6 + (7 - 10))).
8
What is the value of (0 + -1 - -6) + (310 - 302)?
13
-3 + 14 - (-10 + 23)
-2
What is the value of -34 + (3 + 1 - (-7 + 10) - -2)?
-31
What is the value of -3 - ((10 - (1 + 0)) + -11 + -12)?
11
Evaluate 310 + -328 + 29 + 0.
11
What is the value of 5 - (-8 + (4 - -11)) - (-3 + 8)?
-7
Evaluate 10 - (-33 + 28 - (-3 - -4)).
16
What is the value of 1 + 4 + (2 - (9 - 0)) + -10?
-12
What is -25 - (-9 + -14) - (1 - (2 - 0))?
-1
Evaluate 2 + 5 + (-45 + 49 - (9 - 2)).
4
What is (1 - 2) + -11 + -3 - (61 + -62)?
-14
Evaluate -16 + 40 + (9 - 6) + -12.
15
-22 + (23 - (26 - 4))
-21
Evaluate -4 + -28 + 3 - -38.
9
Calculate 93 + -70 - (8 + -2 + 6).
11
Evaluate 592 + -573 - (-1 - 4).
24
Calculate 2 - (13 + 2 + 6 + -9).
-10
Evaluate 15 + (-45 - (24 + -40)).
-14
Evaluate (109 - 41) + 1 + -33.
36
Evaluate -2 - (-8 + (0 - -8 - 15)).
13
Evaluate (-18 - -4) + 4 + -2 + 6 - 8.
-14
16 + (0 - -3) + 34 + -24
29
What is the value of 13 + -52 + -86 + 146?
21
What is the value of (7 - (6 + 5 + -13)) + 14?
23
What is -1 - ((6 - -2) + -14) - (19 + -14)?
0
What is -17 + 5 - (-6 + (6 - 5))?
-7
-4 + -2 + (-3 - 0) + -5 + 3
-11
-277 - -296 - (38 + 0)
-19
What is the value of (-50 - -19) + 16 - -14 - -9?
8
22 - (7 + 9) - (0 + 7) - -7
6
10 + -4 + (6 + -15 - -7)
4
Evaluate -14 - (-7 + (7 - 7 - 0)).
-7
Evaluate (-1 - -17) + (246 - 250) + 5 + -1.
16
(-4 - 0) + 123 + -122 - (-2 - 0)
-1
What is (-4 - -5) + -14 + 10 + (6 - 1)?
2
Evaluate 19 - (-2 - 7) - 20.
8
Evaluate -1475 + 1481 - (-19 - -1).
24
What is 13 + (33 - (0 - -21))?
25
-1 + -22 - (158 - 78 - 84)
-19
4 - ((12 - 2) + 2 - 14)
6
-20 - -9 - -42 - 10
21
Calculate -1171 - -1196 - (2 - -38).
-15
What is the value of 7 + (-5 - -12 - -3) + -8?
9
What is 2 - (6 + -3 - -3) - (-6 + 1)?
1
What is the value of (2 - (-8 + 9) - -5 - 43) + 5?
-32
Evaluate -1 + -2 + 17 + -870 + 885.
29
Evaluate -14 - (-19 + -20 + 19).
6
Evaluate 17 + -7 + -5 + 6.
11
Evaluate -20 - (1 + -16) - -14.
9
Evaluate 29 + -3 - (24 - 8).
10
What is the value of 25 + (11 + -11 - 18) + 7?
14
Calculate 1 + 12 - (-80 + 84 + (-1 - -1)).
9
Evaluate 10 + -19 + 23 + -5 + -10 + -2.
-3
(-1 - -19) + -2 + (-7 - -9 - 8)
10
What is (-112 - -146 - (-1 + 20)) + -20?
-5
Calculate -2 - (-2 + -24 + -5 + 2 + -1).
28
-24 + 19 + -26 + 45
14
What is the value of ((10 - -1) + -12 - -9) + (-21 - 1)?
-14
What is the value of -4 + 10 + (-19 + 16 - -5)?
8
Evaluate -7 - (4 + -17) - (1 - -6).
-1
What is -55 - -62 - (2 - (-1 - 1 - 16))?
-13
(-17 + 46 - 22) + (3 + -25 - -3)
-12
1 + (-7 - (8 + -12)) + 4
2
Calculate (-27 - -19 - (-1 + -22)) + -11 + 20.
24
Calculate 13 + (-4 - -4) + -6.
7
Calculate -6 - -9 - -17 - 21.
-1
What is (9 - ((3 - -11) + -5 - 1)) + 8?
9
What is the value of -15 + 2 - (-4 + -1 + 7 - 8)?
-7
What is the value of 21 + 8 + 0 + (-6 - 3)?
20
What is (82 - 81) + (2 - 1) - -11?
13
Calculate -26 + 5 + (-6 - -15).
-12
What is the value of (-9 - (2 + -1 - 6) - -6) + -1?
1
What is the value of (11 - 5) + (-28 - -4) + 2 + 0?
-16
What is the value of -7 + 15 - (-3 + (3 - 3))?
11
Calculate (2 + 1 - (7 + -10 + 2)) + -19.
-15
What is -23 + (29 - -1) + -21?
-14
What is the value of 17 + (-9 - -1) + -7 - -25?
27
What is the value of 17 - -5 - (-8 - (-9 + -8 - 2))?
11
20 + -14 + (-1 - 4)
1
What is (-2 - -15) + 2 - (42 + -38) - 0?
11
Calculate 4 - (11 - 4 - (-2 - -10)).
5
What is the value of 1 + 0 + 2 - 16 - -2?
-11
(80 - 78) + -1 + -1 + 13
13
Evaluate 1 - ((-1 - -7) + 1) - (-88 - -70).
12
Evaluate -20 - -9 - (-3 + -2 + 6).
-12
Calculate -5 + 16 + (-1 - 24) - -34.
20
What is the value of 61 - (-25 + 30) - 26?
30
118 + -109 + -1 + -4 + 0
4
-3 + -7 - -25 - (9 - 2)
8
Evaluate -7 + -12 + 5 + 5 + -4.
-13
-15 + (1 - (-12 - 15))
13
Calculate -4 + 11 + -12 + 5 + (-6 - -10).
4
(-17 - -28) + 0 + -7
4
18 + -8 + 7 + -10 + -32
-25
What is the value of (14 - 12 - 17) + -5?
-20
Evaluate -4 + -6 + 5 + (-20 - -10).
-15
Evaluate 6 - (35 - (-5 + -7 + 20)).
-21
What is (-12 - (-15 + (-2 - -2))) + -21?
-18
Evaluate (-51 - (1 - 14)) + 63.
25
22 + (10 - (40 - -11))
-19
What is (0 - (-9 + 2 + 1)) + -4 + -1?
1
Evaluate -27 + (-1 - -15) + 7.
-6
What is the value of 8 - (-5 - -1 - (-102 - -81))?
-9
What is the value of 17 - (-3 - -18) - -12?
14
Calculate 11 + (-30 - -14) + (-11 - -3).
-13
What is the value of (124 - 137) + (3 - 11)?
-21
What is -4 + 3 + -2 + (5 - 6) + -1?
-5
Evaluate (-5 - -6) + -11 + 6 + 6 - 3.
-1
What is 41 - (-34 + 113) - (-10 - -1)?
-29
-8 + (9 - (0 - -15) - 13)
-27
Evaluate -1 + 0 + 4 + (-4 - 0) + -6.
-7
What is 35 - (26 + 27 + -33)?
15
Calculate 124 + -135 - (-21 + 0).
10
Evaluate 5 - 2 - 9 - (-21 - -16).
-1
What is 24 + (-35 - -17) - -17?
23
What is (-3 - (21 - 18)) + 10 + 1?
5
Evaluate -24 + 18 + -13 + 1 + -8 + -5.
-31
What is the value of (8 - 5) + 6 + -17 + 5?
-3
What is the value of -21 - (-17 + -6 - -26)?
-24
What is the value of -10 + (70 - 24) + -2?
34
Evaluate -7 + 23 + -32 - -21.
5
-3 + (1 - (-3 - 5)) - (9 + -1)
-2
5 - 2 - (-19 - (1 - (6 + -7)))
24
Calculate -7 + 9 - (5 - 0) - -5.
2
What is the value of 12 + -2 + (-22 - -32) - 5?
15
Calculate -9 - (-2 + (8 - 5 - 1)) - -5.
-4
Evaluate 1 - (11 - (10 - 1)) - (-2 - 1).
2
Calculate 9 - (-124 + 128 - (-3 - 0)).
2
Evaluate 35 - 20 - 35 - -40.
20
Evaluate -41 + -20 + (-41 - -82).
-20
Calculate 3 - (-